 when 42172 is divided by 170.
12
What is the remainder when 352787 is divided by 45?
32
Calculate the remainder when 3868 is divided by 239.
44
Calculate the remainder when 3694 is divided by 471.
397
Calculate the remainder when 2724539 is divided by 182.
181
Calculate the remainder when 68356 is divided by 211.
203
Calculate the remainder when 69844 is divided by 50.
44
Calculate the remainder when 2266 is divided by 252.
250
What is the remainder when 216795 is divided by 653?
652
What is the remainder when 537 is divided by 176?
9
What is the remainder when 427 is divided by 89?
71
Calculate the remainder when 219882 is divided by 591.
30
What is the remainder when 2819 is divided by 52?
11
Calculate the remainder when 2186113 is divided by 671.
666
What is the remainder when 34772 is divided by 108?
104
What is the remainder when 5770771 is divided by 602?
601
Calculate the remainder when 5556 is divided by 759.
243
What is the remainder when 71426 is divided by 14?
12
Calculate the remainder when 258620 is divided by 16163.
12
Calculate the remainder when 3732 is divided by 3562.
170
What is the remainder when 137453 is divided by 44?
41
What is the remainder when 81436 is divided by 27118?
82
What is the remainder when 68411 is divided by 844?
47
What is the remainder when 12783 is divided by 523?
231
What is the remainder when 16497 is divided by 1268?
13
Calculate the remainder when 888 is divided by 108.
24
What is the remainder when 296519 is divided by 55?
14
Calculate the remainder when 2489816 is divided by 103.
100
Calculate the remainder when 285 is divided by 120.
45
Calculate the remainder when 38182 is divided by 53.
22
What is the remainder when 26350 is divided by 5267?
15
What is the remainder when 204815 is divided by 68?
67
Calculate the remainder when 13841 is divided by 65.
61
What is the remainder when 278 is divided by 173?
105
What is the remainder when 2564 is divided by 282?
26
Calculate the remainder when 533967 is divided by 4944.
15
Calculate the remainder when 7542 is divided by 5.
2
Calculate the remainder when 6206 is divided by 30.
26
Calculate the remainder when 1570 is divided by 722.
126
Calculate the remainder when 25501 is divided by 944.
13
What is the remainder when 3741 is divided by 221?
205
Calculate the remainder when 466 is divided by 200.
66
Calculate the remainder when 378083 is divided by 4448.
3
Calculate the remainder when 23044 is divided by 1002.
1000
What is the remainder when 44815 is divided by 95?
70
What is the remainder when 3210 is divided by 254?
162
What is the remainder when 134361 is divided by 272?
265
What is the remainder when 2657 is divided by 527?
22
Calculate the remainder when 1801 is divided by 851.
99
Calculate the remainder when 12218 is divided by 154.
52
Calculate the remainder when 71879 is divided by 40.
39
What is the remainder when 3524 is divided by 1718?
88
Calculate the remainder when 798095 is divided by 109.
106
What is the remainder when 1671141 is divided by 74?
73
Calculate the remainder when 10158 is divided by 33.
27
What is the remainder when 1657 is divided by 9?
1
Calculate the remainder when 6233 is divided by 556.
117
What is the remainder when 2155 is divided by 1073?
9
What is the remainder when 23314 is divided by 773?
124
What is the remainder when 7797 is divided by 14?
13
What is the remainder when 24777 is divided by 12385?
7
What is the remainder when 273671 is divided by 181?
180
Calculate the remainder when 3817 is divided by 52.
21
Calculate the remainder when 5344 is divided by 2662.
20
What is the remainder when 1606162 is divided by 353?
12
What is the remainder when 1800 is divided by 555?
135
What is the remainder when 28281 is divided by 158?
157
What is the remainder when 30297 is divided by 2164?
1
Calculate the remainder when 21877 is divided by 7260.
97
What is the remainder when 16655 is divided by 47?
17
What is the remainder when 180642 is divided by 41?
37
Calculate the remainder when 1499 is divided by 375.
374
Calculate the remainder when 2709 is divided by 821.
246
What is the remainder when 66972 is divided by 184?
180
Calculate the remainder when 2574 is divided by 439.
379
Calculate the remainder when 26872 is divided by 210.
202
Calculate the remainder when 77130 is divided by 580.
570
What is the remainder when 15262 is divided by 32?
30
Calculate the remainder when 17904 is divided by 381.
378
Calculate the remainder when 101207 is divided by 245.
22
What is the remainder when 36813 is divided by 199?
197
What is the remainder when 37680 is divided by 79?
76
Calculate the remainder when 144804 is divided by 14473.
74
What is the remainder when 1754 is divided by 394?
178
Calculate the remainder when 137587 is divided by 11465.
7
Calculate the remainder when 12236 is divided by 60.
56
Calculate the remainder when 3878 is divided by 414.
152
Calculate the remainder when 3304 is divided by 3291.
13
Calculate the remainder when 1566 is divided by 315.
306
Calculate the remainder when 238757 is divided by 5.
2
What is the remainder when 3411 is divided by 73?
53
Calculate the remainder when 22355 is divided by 253.
91
Calculate the remainder when 8487 is divided by 472.
463
Calculate the remainder when 56467 is divided by 8056.
75
Calculate the remainder when 1775 is divided by 98.
11
What is the remainder when 54621 is divided by 27305?
11
What is the remainder when 64427 is divided by 28?
27
What is the remainder when 5454 is divided by 1328?
142
What is the remainder when 3165 is divided by 76?
49
What is the remainder when 40128 is divided by 52?
36
What is the remainder when 415 is divided by 155?
105
What is the remainder when 25851 is divided by 5168?
11
Calculate the remainder when 239308 is divided by 462.
454
Calculate the remainder when 40029 is divided by 47.
32
Calculate the remainder when 71390 is divided by 5946.
38
Calculate the remainder when 1649 is divided by 527.
68
Calculate the remainder when 7460 is divided by 41.
39
Calculate the remainder when 392633 is divided by 95.
93
Calculate the remainder when 3631441 is divided by 39.
34
Calculate the remainder when 3006 is divided by 497.
24
What is the remainder when 12912 is divided by 680?
672
What is the remainder when 7247 is divided by 2412?
11
What is the remainder when 5670 is divided by 846?
594
Calculate the remainder when 89061 is divided by 246.
9
Calculate the remainder when 524495 is divided by 34.
11
Calculate the remainder when 7256 is divided by 4.
0
What is the remainder when 1462796 is divided by 265?
261
What is the remainder when 3159 is divided by 648?
567
Calculate the remainder when 22225 is divided by 22225.
0
What is the remainder when 4908 is divided by 120?
108
Calculate the remainder when 71492 is divided by 7943.
5
Calculate the remainder when 10063 is divided by 113.
6
Calculate the remainder when 21401 is divided by 712.
41
What is the remainder when 708 is divided by 210?
78
Calculate the remainder when 11210 is divided by 5579.
52
Calculate the remainder when 110442 is divided by 36813.
3
What is the remainder when 917 is divided by 115?
112
Calculate the remainder when 1935 is divided by 146.
37
What is the remainder when 47843 is divided by 871?
809
Calculate the remainder when 5641 is divided by 1122.
31
What is the remainder when 49263 is divided by 821?
3
Calculate the remainder when 477963 is divided by 1306.
1273
What is the remainder when 48853 is divided by 215?
48
What is the remainder when 14171 is divided by 4340?
1151
What is the remainder when 42685 is divided by 368?
365
Calculate the remainder when 31401 is divided by 79.
38
Calculate the remainder when 39067 is divided by 62.
7
What is the remainder when 12852 is divided by 30?
12
What is the remainder when 87510 is divided by 276?
18
Calculate the remainder when 3219 is divided by 646.
635
What is the remainder when 23045 is divided by 23?
22
What is the remainder when 28727 is divided by 216?
215
What is the remainder when 334145 is divided by 168?
161
Calculate the remainder when 181413 is divided by 24.
21
What is the remainder when 675312 is divided by 97?
95
What is the remainder when 2738 is divided by 10?
8
Calculate the remainder when 2